of 8 and m?
1
Let h = -60 - -62. Calculate the greatest common factor of h and 14.
2
Let h(j) = j**3 - 7*j**2 + j + 5. Let z be h(7). Let k be 4/(-4 - -2) + 86. Calculate the highest common divisor of k and z.
12
Let d(u) be the second derivative of u**5/20 + 2*u**4/3 - 11*u**3/6 - 6*u**2 - 3*u. Let w be d(-9). What is the highest common divisor of w and 3?
3
Let d be (-436)/(-8) - 2/4. Let u = -16 - -22. What is the greatest common factor of d and u?
6
Suppose -2*x - 2*x = 4*r - 40, 4*r - 54 = -5*x. Calculate the highest common divisor of x and 112.
14
Suppose -2 = -5*x - 5*l - 72, -5*x + 3*l = 70. Let f = -4 - x. Calculate the greatest common divisor of f and 70.
10
Suppose 0 = -5*t + k + 49 + 15, 3*k = -12. Suppose -5*g + 13 = -3*h + 4*h, 3*h = 4*g + 58. Calculate the greatest common factor of t and h.
6
Let f(t) = -5*t + 38. Let s be f(7). Calculate the highest common factor of 6 and s.
3
Let q(n) = 2*n + 66. Let a be q(-21). Calculate the greatest common factor of a and 264.
24
Suppose -2*v - 2*v - 2*w + 6 = 0, -2*w - 26 = -4*v. Suppose f = -v*f + 60. What is the greatest common factor of f and 24?
12
Let c(d) be the second derivative of 0*d**4 - 1/20*d**5 + 7/2*d**2 + 0 - d + 0*d**3. Let r be c(0). Calculate the highest common divisor of r and 77.
7
Suppose 4*x - 548 + 20 = 0. Calculate the greatest common divisor of 12 and x.
12
Let t be -3*(1 + 15/9). Let d = 25 + t. Calculate the greatest common divisor of d and 51.
17
Let r(b) = -4*b**3 + 2*b**2 + 2*b. Let v be r(-2). Suppose -z + v = z - m, 0 = 3*z - m - 52. What is the highest common factor of 112 and z?
16
Let c = 92 - 77. What is the greatest common divisor of 5 and c?
5
Let p be 0 - (0*(-4)/(-16) + -3). Let v be (6/4)/(2/4). Calculate the highest common divisor of p and v.
3
Let q = 18 - 10. Let g = -6 + q. Let d be (-3)/(-2) + 37/g. What is the highest common factor of d and 8?
4
Let o(x) = -x**3 - 3*x**2 + 2*x + 2. Let q be o(-4). Let v be -9 + q - 1*-25. What is the highest common factor of v and 39?
13
Suppose 0*n = -6*n + 78. Let m(h) = -h**3 + 13*h**2 + 14*h + 16. Let s be m(n). Calculate the greatest common divisor of 33 and s.
33
Let q(x) = -27*x - 1. Let l be q(-1). Suppose -29 + 3 = -2*a. Calculate the highest common divisor of l and a.
13
Let c(d) = -33*d - 22. Let k be c(-7). Calculate the greatest common divisor of k and 19.
19
Let g = -184 - -205. Calculate the greatest common divisor of 14 and g.
7
Let s = -17 + 28. What is the greatest common factor of s and 22?
11
Suppose -5 = -c + 5. Let j(b) = b**3 + b**2. Let r be j(1). Calculate the greatest common divisor of r and c.
2
Suppose 27 = t + 3. Calculate the greatest common divisor of t and 6.
6
Suppose s + 5 = u - 6, 2*s - 56 = -4*u. What is the highest common divisor of 117 and u?
13
Suppose 6*r - r - 575 = 5*a, -5*r = 2*a - 554. What is the highest common divisor of 14 and r?
14
Let c(d) = -d**2 + 5. Let r be c(7). Let i = 14 - r. What is the greatest common factor of 87 and i?
29
Suppose -4*a = -g - 5, 2 = -3*g + 4*a + 3. Suppose -g*f = -q - 2*f + 192, 2*q = 4*f + 394. What is the highest common divisor of 17 and q?
17
Let m = 402 - 41. Suppose -2*q + m = 91. Calculate the highest common divisor of q and 15.
15
Suppose 82 - 14 = 4*v + 4*i, -3*i = -4*v + 89. What is the highest common factor of v and 2?
2
Let i(g) = 45*g. Let o be i(-1). Let u = -23 - o. What is the highest common divisor of u and 11?
11
Let p be (-780)/(-45) - 3/9. Suppose s + 4*a = 5*s - 56, 2*s - a - 31 = 0. What is the greatest common factor of p and s?
17
Let o(v) = v + 11. Let d be o(-7). Let c be (-3 - -2) + d/1. Suppose t + c*h - 15 = -2*t, 4*h = -2*t + 8. Calculate the greatest common factor of t and 4.
2
Suppose 3*o + 3*z - 84 = 0, -3*o + 2*z + 79 = -0*z. What is the highest common factor of o and 9?
9
Suppose 2*m = n + 3, 3*n + 2*m - 28 = -n. Let f = -24 - -49. What is the highest common divisor of f and n?
5
Suppose -6 = -q - q. Calculate the highest common divisor of q and 5.
1
Let j be (-189)/18*2/(-3). Suppose -4*f + 3*o + 66 = -173, -4*o - 300 = -5*f. What is the highest common divisor of j and f?
7
Suppose 2*d = -5*m + 54, -m + 3*d + 9 = 4*d. Let y = 29 + -13. Let w = y - 4. What is the greatest common factor of m and w?
12
Suppose 5*a - 76 = -4*n, -5*a + 0*n + 5*n + 85 = 0. Suppose -2*r = 7 - 1. Let o = r + a. What is the highest common factor of o and 26?
13
Let k(i) = i**2 - 6*i. Let d(s) = 5*s - 3. Let l be d(2). Let n be k(l). What is the greatest common factor of n and 1?
1
Let j = 13 - 7. Calculate the greatest common factor of 6 and j.
6
Suppose 2*w + 2*y = -8, -2*w - 5*y - 16 - 7 = 0. Calculate the greatest common factor of w and 8.
1
Suppose 3*m + 2*m + p - 112 = 0, 3*p = -4*m + 83. What is the highest common factor of m and 207?
23
Let i(d) = -d**2 + 11*d + 11. Let u be i(12). Let v be (-3)/(12/(-9) - u). Let x = 27 - 9. What is the greatest common factor of v and x?
9
Let m = 10 + 5. Suppose -4*n - 2*x = 3*x - 535, -n + 4*x + 139 = 0. Calculate the greatest common factor of m and n.
15
Suppose -4*m + 0*l = 2*l + 6, 4*l = -3*m - 12. Let y be (m + 2)*(-1 - -7). Let w(v) = -9*v - 6. Let f be w(-6). Calculate the highest common factor of y and f.
12
Let k = 21 + 51. Let i(a) = -17*a**3 - a**2 - 4*a - 2. Let w be i(-1). What is the greatest common divisor of w and k?
18
Let d = 94 + -82. Calculate the highest common factor of 6 and d.
6
Suppose -4*a + 3*s + 80 = -24, -2*s = 4*a - 104. Let n be 520/4 + -3 - -3. Calculate the highest common factor of a and n.
26
Let h = 66 + -34. Suppose 5*j - 4*y + 11 = 0, j - 3*y + 8*y = -8. Let o be 6 + ((-15)/j - 3). Calculate the greatest common factor of o and h.
8
Suppose 5*h - 455 = -15. What is the highest common divisor of h and 11?
11
Suppose -2*s = 4*r - 38, -5*s - 14 = r - 1. Calculate the highest common factor of 8 and r.
4
Let k = -7 + 12. Let m = 11 - k. Calculate the highest common divisor of m and 15.
3
Let b be (-2)/(-4)*2/(-1). Let k = b + 1. Suppose 2*x - 7*x + 25 = k. Calculate the greatest common factor of 15 and x.
5
Suppose -10 - 17 = -3*i. Calculate the greatest common divisor of 81 and i.
9
Let r(x) = 2*x**2 - 23*x + 105. Let m be r(9). Suppose -i = -13 + 1. What is the greatest common divisor of i and m?
12
Suppose 0 = -5*j + 3*j + 224. What is the greatest common divisor of j and 16?
16
Let j(g) = -3*g**3 - 2*g**2 - 3. Let q be ((-6)/4)/((-3)/(-6)). Let v be j(q). Calculate the greatest common divisor of 24 and v.
12
Suppose 20 = 5*z - 0*z. Suppose 4*m - 108 = m. What is the greatest common factor of m and z?
4
Let m be (-29)/(-3)*(1 - -53). Suppose 4*b + m = -146. Let h = 265 + b. What is the greatest common divisor of 14 and h?
14
Suppose -f - 4*x = -0*f - 47, -2*x = -8. Let r = f - 18. Calculate the highest common divisor of 39 and r.
13
Suppose -8*p = -34 - 414. What is the highest common factor of 84 and p?
28
Let h be 64/6 + (-2)/(-6). Let l = 16 - 9. Suppose 0 = -4*n + 2*m - l*m + 147, -114 = -3*n - 5*m. Calculate the greatest common divisor of h and n.
11
Let o(g) = 12*g**2 - 2*g + 1. Let h be o(1). Suppose 5*b = -20, -3*w + 2*w + 9 = -2*b. Calculate the highest common divisor of w and h.
1
Suppose 0 = -m + 4*n - 6, 3*m + 2*n = -18 + 56. Calculate the highest common divisor of 40 and m.
10
Let g be (56/(-16))/(10/12 + -1). Suppose 0 = -4*d - i + 61, d = 5*d - 4*i - 36. What is the highest common divisor of g and d?
7
Let j = 17 - 8. What is the greatest common factor of j and 9?
9
Suppose 10 = 2*j, 0*d = -2*d + 4*j - 18. Suppose 0 = q - 3*q - 3*w - 9, -5*q - 5 = 4*w. Let h = q + -2. What is the highest common divisor of d and h?
1
Let w(r) = -16*r**3 - r**2. Suppose -a = 4*q + 1, 0*q = q. Let o be w(a). Calculate the highest common factor of 105 and o.
15
Let d be ((-6)/(-18))/((-1)/(-3)). Calculate the highest common divisor of 9 and d.
1
Suppose 0 = 3*p + 3 - 33. What is the highest common factor of p and 290?
10
Let v = -6 - -96. Calculate the highest common factor of v and 10.
10
Let i = 2 + -5. Let u(y) = 5*y + 69. Let c be u(-14). Let p be 9/(i/(3/c)). What is the highest common divisor of 3 and p?
3
Let q = 8 - 5. Suppose -q*h - 155 = 298. Let z = 214 + h. Calculate the highest common divisor of z and 9.
9
Let l(x) = -x**2 - 7*x - 2. Let p 